{"id":157,"date":"2022-02-04T11:00:07","date_gmt":"2022-02-04T11:00:07","guid":{"rendered":"https:\/\/dataum.info\/enfoque_territorial\/?page_id=157"},"modified":"2022-02-07T12:47:03","modified_gmt":"2022-02-07T12:47:03","slug":"blog","status":"publish","type":"page","link":"https:\/\/dataum.info\/enfoque_territorial\/blog\/","title":{"rendered":"Libros"},"content":{"rendered":"\n<style type=\"text\/css\">\r\n  .wbg-search-container .wbg-search-item .submit-btn {\r\n    background: #0274be;\r\n    border: 1px solid #317081;\r\n    color: #FFFFFF;\r\n  }\r\n  .wbg-main-wrapper .wbg-item {\r\n    border: 1px solid #ffffff;\r\n    background-color: ;\r\n  }\r\n  .wbg-main-wrapper .wbg-item img {\r\n    width: auto !important;\r\n    height: 150px !important;\r\n  }\r\n  .wbg-main-wrapper .wbg-item img:hover {\r\n      }\r\n  .wbg-main-wrapper .wbg-item a.wbg-btn {\r\n    background:  !important;\r\n    color: #FFFFFF !important;\r\n  }\r\n  .wbg-main-wrapper .wbg-item .wgb-item-link {\r\n    color: #962121 !important;\r\n    font-size: 13px !important;\r\n  }\r\n  .wbg-main-wrapper .wbg-item .wgb-item-link:hover {\r\n    color: #999999 !important;\r\n  }\r\n  .wbg-main-wrapper .wbg-item .wbg-description-content {\r\n    font-size: 10px !important;\r\n    color: #242424 !important;\r\n  }\r\n\r\n  @-webkit-keyframes rotation {\r\n        from {\r\n                -webkit-transform: rotate(0deg);\r\n        }\r\n        to {\r\n                -webkit-transform: rotate(360deg);\r\n        }\r\n  }\r\n<\/style>    <h2 class=\"wbg-total-books-title\">Mostrando <span>1-10 of 15<\/span> Libros<\/h2>\r\n    \r\n  <div class=\"wbg-main-wrapper wbg-product-column-4 wbg-product-column-mobile-1\">\r\n                <div class=\"wbg-item\">\r\n                          <a class=\"wgb-item-link\" href=\"https:\/\/dataum.info\/enfoque_territorial\/books\/desarrollo-rural-sostenible-con-enfoque-territorial-politicas-y-estrategias-para-uruguay\/\"  target=&quot;_blank&quot;>\r\n                                    <img decoding=\"async\" src=\"https:\/\/dataum.info\/enfoque_territorial\/wp-content\/uploads\/2022\/02\/uruguay-e1644345530744.jpg\" alt=\"No hay una imagen disponible\" width=\"200\">\r\n                                    Desarrollo rural sostenible con enfoque territorial: pol\u00edticas y estrategias para Uruguay              <\/a>\r\n                              <span>\r\n                    Alvaro Ramos, Manuel Otero, Rafael Echeverri, Aureliano Da Costa, Federico Bervejillo, Byron Miranda, Daniel Sureda, Jos\u00e9 M. Sumpsi, Rub\u00e9n Echeverria, Elizabeth Sadoulet                <\/span>\r\n                \r\n            \r\n            \r\n            \r\n                        \r\n            \r\n          <\/div>\r\n                    <div class=\"wbg-item\">\r\n                          <a class=\"wgb-item-link\" href=\"https:\/\/dataum.info\/enfoque_territorial\/books\/desarrollo-rural-sostenible-enfoque-territorial\/\"  target=&quot;_blank&quot;>\r\n                                    <img decoding=\"async\" src=\"https:\/\/dataum.info\/enfoque_territorial\/wp-content\/uploads\/2022\/02\/desarollo-rural-enfoque-territorial-e1644346535827.jpg\" alt=\"No hay una imagen disponible\" width=\"200\">\r\n                                    Desarrollo rural sostenible enfoque territorial              <\/a>\r\n                              <span>\r\n                    Rafael Echeverri, Melania Portilla, Adri\u00e1n Rodr\u00edguez, Sergio Sep\u00falveda                <\/span>\r\n                \r\n            \r\n            \r\n            \r\n                        \r\n            \r\n          <\/div>\r\n                    <div class=\"wbg-item\">\r\n                          <a class=\"wgb-item-link\" href=\"https:\/\/dataum.info\/enfoque_territorial\/books\/ejes-centrales-para-una-estrategia-de-fortalecimiento-de-la-cooperacion-descentralizada-sur-sur\/\"  target=&quot;_blank&quot;>\r\n                                    <img decoding=\"async\" src=\"https:\/\/dataum.info\/enfoque_territorial\/wp-content\/uploads\/2022\/02\/Cooperacio\u0301n-descentralizada-e1644346649973.jpg\" alt=\"No hay una imagen disponible\" width=\"200\">\r\n                                    Ejes centrales para una estrategia de fortalecimiento de la Cooperaci\u00f3n Descentralizada Sur-Sur              <\/a>\r\n                              <span>\r\n                    Rafael Echeverri Perico                <\/span>\r\n                \r\n            \r\n            \r\n            \r\n                        \r\n            \r\n          <\/div>\r\n                    <div class=\"wbg-item\">\r\n                          <a class=\"wgb-item-link\" href=\"https:\/\/dataum.info\/enfoque_territorial\/books\/elementos-de-debate-para-el-futuro-del-desarrollo-territorial\/\"  target=&quot;_blank&quot;>\r\n                                    <img decoding=\"async\" src=\"https:\/\/dataum.info\/enfoque_territorial\/wp-content\/uploads\/2022\/02\/futuro-del-desarrollo-rural-e1644346448791.jpg\" alt=\"No hay una imagen disponible\" width=\"200\">\r\n                                    Elementos de debate para el futuro del desarrollo territorial              <\/a>\r\n                              <span>\r\n                    Rafael Echeverri, Encarnaci\u00f3n Mart\u00ednez, Jos\u00e9 Emilio Guerrero, Melchor Guzm\u00e1n                <\/span>\r\n                \r\n            \r\n            \r\n            \r\n                        \r\n            \r\n          <\/div>\r\n                    <div class=\"wbg-item\">\r\n                          <a class=\"wgb-item-link\" href=\"https:\/\/dataum.info\/enfoque_territorial\/books\/estrategias-de-gestion-territorial-rural-en-las-politicas-publicas-en-iberoamerica\/\"  target=&quot;_blank&quot;>\r\n                                    <img decoding=\"async\" src=\"https:\/\/dataum.info\/enfoque_territorial\/wp-content\/uploads\/2022\/02\/estrategias-de-gestio\u0301n-territorial-e1644346486461.jpg\" alt=\"No hay una imagen disponible\" width=\"200\">\r\n                                    Estrategias de gesti\u00f3n territorial rural en las pol\u00edticas p\u00fablicas en Iberoam\u00e9rica              <\/a>\r\n                              <span>\r\n                    Rafael Echeverri, Octavio Sotomayor                <\/span>\r\n                \r\n            \r\n            \r\n            \r\n                        \r\n            \r\n          <\/div>\r\n                    <div class=\"wbg-item\">\r\n                          <a class=\"wgb-item-link\" href=\"https:\/\/dataum.info\/enfoque_territorial\/books\/estrategias-y-politicas-nacionales-para-la-cohesion-territorial\/\"  target=&quot;_blank&quot;>\r\n                                    <img decoding=\"async\" src=\"https:\/\/dataum.info\/enfoque_territorial\/wp-content\/uploads\/2022\/02\/cohesio\u0301n-territorial-e1644315815163.jpg\" alt=\"No hay una imagen disponible\" width=\"200\">\r\n                                    Estrategias y pol\u00edticas nacionales para la cohesi\u00f3n territorial              <\/a>\r\n                              <span>\r\n                    Iv\u00e1n Silva Lira, Rafael Echevarr\u00eda Perico                <\/span>\r\n                \r\n            \r\n            \r\n            \r\n                        \r\n            \r\n          <\/div>\r\n                    <div class=\"wbg-item\">\r\n                          <a class=\"wgb-item-link\" href=\"https:\/\/dataum.info\/enfoque_territorial\/books\/hacia-una-nueva-definicion-de-rural-con-fines-estadisticos-en-america-latina\/\"  target=&quot;_blank&quot;>\r\n                                    <img decoding=\"async\" src=\"https:\/\/dataum.info\/enfoque_territorial\/wp-content\/uploads\/2022\/02\/definiciones-de-lo-rural-e1644346522396.jpg\" alt=\"No hay una imagen disponible\" width=\"200\">\r\n                                    Hacia una nueva definici\u00f3n de \u201crural\u201d con fines estad\u00edsticos en Am\u00e9rica Latina              <\/a>\r\n                              <span>\r\n                    Martine Dirven, Rafael Echeverri Perico, Cristina Sabalain, Adri\u00e1n Rodr\u00edguez, David Candia Baeza, Carolina Pe\u00f1a, Sergio Faiguenbaum                <\/span>\r\n                \r\n            \r\n            \r\n            \r\n                        \r\n            \r\n          <\/div>\r\n                    <div class=\"wbg-item\">\r\n                          <a class=\"wgb-item-link\" href=\"https:\/\/dataum.info\/enfoque_territorial\/books\/nueva-ruralidad-vision-de-territorio-en-america-latina-y-el-caribe\/\"  target=&quot;_blank&quot;>\r\n                                    <img decoding=\"async\" src=\"https:\/\/dataum.info\/enfoque_territorial\/wp-content\/uploads\/2022\/02\/nueva-ruralidad-espan\u0303ol-e1644346359711.jpg\" alt=\"No hay una imagen disponible\" width=\"200\">\r\n                                    Nueva ruralidad. Visi\u00f3n de territorio en Am\u00e9rica Latina y el Caribe              <\/a>\r\n                              <span>\r\n                    Rafael Echeverri Perico, Mar\u00eda del Pilar Ribero                <\/span>\r\n                \r\n            \r\n            \r\n            \r\n                        \r\n            \r\n          <\/div>\r\n                    <div class=\"wbg-item\">\r\n                          <a class=\"wgb-item-link\" href=\"https:\/\/dataum.info\/enfoque_territorial\/books\/473-2\/\"  target=&quot;_blank&quot;>\r\n                                    <img decoding=\"async\" src=\"https:\/\/dataum.info\/enfoque_territorial\/wp-content\/uploads\/2022\/02\/pobreza-y-territorio-e1644346230555.jpg\" alt=\"No hay una imagen disponible\" width=\"200\">\r\n                                    Pobreza rural y territorio, una discusi\u00f3n abierta              <\/a>\r\n                              <span>\r\n                    Rafael Echeverri Perico                <\/span>\r\n                \r\n            \r\n            \r\n            \r\n                        \r\n            \r\n          <\/div>\r\n                    <div class=\"wbg-item\">\r\n                          <a class=\"wgb-item-link\" href=\"https:\/\/dataum.info\/enfoque_territorial\/books\/politicas-e-instituciones-para-el-medio-rural\/\"  target=&quot;_blank&quot;>\r\n                                    <img decoding=\"async\" src=\"https:\/\/dataum.info\/enfoque_territorial\/wp-content\/uploads\/2022\/02\/institucionalidad-para-el-medio-rural-e1644346409656.jpg\" alt=\"No hay una imagen disponible\" width=\"200\">\r\n                                    Pol\u00edticas e instituciones para el medio rural              <\/a>\r\n                              <span>\r\n                    Rafael Echeverri Perico                <\/span>\r\n                \r\n            \r\n            \r\n            \r\n                        \r\n            \r\n          <\/div>\r\n            <\/div>\r\n\r\n  \n","protected":false},"excerpt":{"rendered":"","protected":false},"author":1,"featured_media":0,"parent":0,"menu_order":0,"comment_status":"closed","ping_status":"closed","template":"","meta":{"_coblocks_attr":"","_coblocks_dimensions":"","_coblocks_responsive_height":"","_coblocks_accordion_ie_support":"","site-sidebar-layout":"default","site-content-layout":"default","ast-main-header-display":"","ast-hfb-above-header-display":"","ast-hfb-below-header-display":"","ast-hfb-mobile-header-display":"","site-post-title":"","ast-breadcrumbs-content":"","ast-featured-img":"","footer-sml-layout":"","theme-transparent-header-meta":"","adv-header-id-meta":"","stick-header-meta":"","header-above-stick-meta":"","header-main-stick-meta":"","header-below-stick-meta":"","footnotes":""},"class_list":["post-157","page","type-page","status-publish","hentry"],"uagb_featured_image_src":{"full":false,"thumbnail":false,"medium":false,"medium_large":false,"large":false,"1536x1536":false,"2048x2048":false},"uagb_author_info":{"display_name":"Rafael Echeverri Perico - Director cient\u00edfico DATAUM","author_link":"https:\/\/dataum.info\/enfoque_territorial\/author\/admin\/"},"uagb_comment_info":0,"uagb_excerpt":null,"_links":{"self":[{"href":"https:\/\/dataum.info\/enfoque_territorial\/wp-json\/wp\/v2\/pages\/157","targetHints":{"allow":["GET"]}}],"collection":[{"href":"https:\/\/dataum.info\/enfoque_territorial\/wp-json\/wp\/v2\/pages"}],"about":[{"href":"https:\/\/dataum.info\/enfoque_territorial\/wp-json\/wp\/v2\/types\/page"}],"author":[{"embeddable":true,"href":"https:\/\/dataum.info\/enfoque_territorial\/wp-json\/wp\/v2\/users\/1"}],"replies":[{"embeddable":true,"href":"https:\/\/dataum.info\/enfoque_territorial\/wp-json\/wp\/v2\/comments?post=157"}],"version-history":[{"count":4,"href":"https:\/\/dataum.info\/enfoque_territorial\/wp-json\/wp\/v2\/pages\/157\/revisions"}],"predecessor-version":[{"id":387,"href":"https:\/\/dataum.info\/enfoque_territorial\/wp-json\/wp\/v2\/pages\/157\/revisions\/387"}],"wp:attachment":[{"href":"https:\/\/dataum.info\/enfoque_territorial\/wp-json\/wp\/v2\/media?parent=157"}],"curies":[{"name":"wp","href":"https:\/\/api.w.org\/{rel}","templated":true}]}}